alculate the highest common factor of 123386 and 551684.
646
Calculate the greatest common divisor of 5568 and 58816.
64
What is the greatest common divisor of 22608 and 21603828?
1884
What is the highest common factor of 3686 and 8987190?
38
What is the highest common factor of 660 and 2821335?
165
Calculate the highest common factor of 8562160 and 190.
190
What is the greatest common factor of 9280 and 2755520?
320
Calculate the greatest common divisor of 288355 and 15048705.
2855
What is the greatest common divisor of 60718405 and 968?
121
What is the highest common divisor of 97925 and 1519796?
3917
Calculate the greatest common divisor of 2087769 and 13149.
1461
What is the highest common factor of 900770157 and 534?
267
What is the greatest common divisor of 5696 and 62230936?
712
What is the greatest common factor of 100840657 and 19?
19
What is the highest common factor of 5235 and 328801625?
1745
Calculate the greatest common factor of 275700 and 141450.
150
Calculate the greatest common divisor of 1030378 and 3534.
62
What is the highest common factor of 2590 and 3669260?
70
What is the greatest common divisor of 386356292 and 196?
28
Calculate the highest common factor of 59236 and 10456.
4
What is the greatest common divisor of 32019520 and 12040?
1720
Calculate the highest common factor of 4840 and 2404908.
44
Calculate the greatest common divisor of 33833505 and 30.
15
Calculate the greatest common divisor of 43671 and 7776.
3
Calculate the greatest common divisor of 935 and 171723035.
935
Calculate the greatest common divisor of 88 and 4772757.
11
Calculate the greatest common factor of 21258950 and 1925.
25
What is the greatest common divisor of 60440 and 55228561?
1511
Calculate the greatest common divisor of 190883 and 336809.
737
Calculate the greatest common factor of 518451 and 3999.
129
Calculate the greatest common divisor of 739768 and 18779.
89
Calculate the greatest common factor of 23210 and 295822.
422
Calculate the greatest common factor of 746792 and 3878.
554
Calculate the highest common divisor of 747 and 76355933.
83
What is the greatest common divisor of 315 and 3674412?
63
What is the greatest common factor of 5681881 and 1877383?
12433
Calculate the highest common divisor of 1045019 and 4617.
19
Calculate the greatest common factor of 54 and 21547161.
27
What is the greatest common divisor of 36565396 and 14?
14
What is the greatest common divisor of 13421188 and 1526732?
6388
Calculate the greatest common factor of 1127 and 221792473.
1127
What is the greatest common divisor of 196997819 and 85?
17
Calculate the greatest common divisor of 6115090 and 2680.
670
Calculate the greatest common factor of 91953 and 15011.
17
Calculate the highest common divisor of 349989108 and 463.
463
Calculate the greatest common divisor of 991506 and 19275.
771
What is the highest common factor of 6967 and 45?
1
What is the highest common factor of 73890 and 54030?
30
What is the greatest common divisor of 2769969 and 452?
113
What is the highest common divisor of 49742384 and 18908?
652
What is the highest common divisor of 306526122 and 59472?
7434
Calculate the greatest common divisor of 49129 and 56014463.
673
Calculate the greatest common divisor of 90 and 1554160.
10
What is the highest common divisor of 26358 and 52992?
138
Calculate the highest common divisor of 4216254118 and 1997.
1997
What is the greatest common divisor of 378 and 21369852?
378
What is the highest common divisor of 29442592 and 1312?
1312
Calculate the highest common divisor of 54208 and 122601556.
3388
Calculate the greatest common factor of 630 and 43920135.
315
What is the highest common factor of 479186 and 227758?
526
Calculate the greatest common factor of 83700 and 862947.
837
Calculate the greatest common factor of 28520 and 81915144.
5704
Calculate the highest common factor of 3342240 and 28512.
3168
Calculate the greatest common divisor of 992 and 1297568.
32
Calculate the highest common factor of 768762329 and 562.
281
What is the greatest common factor of 70131 and 233091?
291
Calculate the highest common factor of 96146526 and 1428.
714
Calculate the greatest common factor of 117462732 and 776.
388
Calculate the greatest common factor of 234581 and 21257.
29
Calculate the highest common divisor of 5531672 and 6289.
331
What is the highest common factor of 15598 and 24431?
11
What is the greatest common factor of 38953994 and 4354?
622
What is the highest common factor of 2380 and 608251?
7
What is the greatest common divisor of 92 and 1254280?
4
Calculate the highest common divisor of 6081628 and 16.
4
Calculate the highest common divisor of 2482082 and 335.
67
Calculate the greatest common divisor of 676 and 127912408.
52
What is the greatest common factor of 602 and 5084363?
43
Calculate the greatest common factor of 1029063 and 9765.
21
What is the greatest common factor of 2475644 and 14018?
326
What is the highest common factor of 8077436 and 1930?
386
Calculate the greatest common divisor of 216300 and 98468.
412
What is the greatest common divisor of 863624 and 94792?
328
What is the highest common divisor of 5844 and 4497932?
1948
What is the greatest common divisor of 17108 and 978068?
364
Calculate the greatest common factor of 185 and 135000531.
37
Calculate the highest common divisor of 90774 and 6083334.
738
What is the greatest common factor of 3071 and 1918379?
83
What is the greatest common divisor of 254307 and 86415?
2469
Calculate the greatest common factor of 1850 and 61694725.
925
Calculate the greatest common divisor of 198836 and 6556.
44
What is the highest common divisor of 22464 and 444704?
416
What is the highest common divisor of 15248 and 4272?
16
Calculate the greatest common factor of 5177180 and 680.
340
What is the highest common factor of 6 and 19812244?
2
Calculate the greatest common factor of 11330874 and 9792.
306
Calculate the highest common divisor of 107476416 and 555.
111
Calculate the highest common divisor of 153131 and 134915.
11
Calculate the highest common factor of 518 and 16607968.
74
Calculate the highest common factor of 21465982 and 822.
274
Calculate the greatest common factor of 14159772 and 176.
44
What is the highest common divisor of 179580779 and 2534?
1267
Calculate the greatest common divisor of 45819 and 59049.
27
What is the highest common divisor of 4914 and 3215697030?
4914
What is the greatest common divisor of 130 and 11341850?
130
Calculate the greatest common divisor of 843045 and 2878970.
5735
What is the highest common divisor of 61447615 and 722?
361
What is the greatest common divisor of 44795203 and 2306?
1153
What is the greatest common factor of 35138870 and 1170?
130
What is the highest common factor of 176 and 3280688?
16
What is the highest common factor of 32 and 1702790016?
32
Calculate the highest common divisor of 528 and 1153488.
48
Calculate the greatest common divisor of 51 and 436543.
17
What is the greatest common factor of 16446 and 7974?
6
Calculate the greatest common factor of 294056 and 2918132.
2492
What is the highest common factor of 246493994 and 1091?
1091
What is the greatest common divisor of 4980 and 7942020?
60
What is the highest common factor of 6768 and 103536?
144
What is the highest common divisor of 25038980 and 34356?
1636
Calculate the highest common divisor of 8344 and 568816440.
1192
What is the greatest common divisor of 226081 and 1178?
19
Calculate the highest common factor of 283 and 142762180.
283
What is the highest common factor of 1508165 and 64837?
2819
What is the greatest common divisor of 16 and 452857?
1
Calculate the greatest common divisor of 115166739 and 3.
3
What is the highest common divisor of 971355 and 105?
105
Calculate the highest common factor of 52138 and 182876.
262
Calculate the highest common factor of 3545059 and 20079.
2231
What is the highest common factor of 304527 and 286182?
3669
What is the greatest common factor of 315849 and 1143?
381
Calculate the greatest common factor of 45 and 282769020.
45
Calculate the highest common factor of 7916900 and 22950.
850
Calculate the greatest common divisor of 38091 and 115.
1
What is the greatest common factor of 4 and 5265724?
4
Calculate the high